0923 a multiple of 3?
True
Is 128949 a multiple of 53?
True
Is 90 a factor of 417380?
False
Is 3547130 a multiple of 9?
False
Is 15407 a multiple of 40?
False
Does 13 divide 1815073?
True
Is 52 a factor of 94855?
False
Does 16 divide 78629?
False
Is 459312 a multiple of 112?
True
Does 53 divide 229861?
True
Does 9 divide 343429?
False
Is 137 a factor of 813095?
True
Is 305 a factor of 204350?
True
Is 2529246 a multiple of 6?
True
Is 2116227 a multiple of 16?
False
Is 40 a factor of 224655?
False
Does 26 divide 798374?
False
Is 1367211 a multiple of 639?
False
Does 91 divide 5265780?
False
Does 145 divide 595135?
False
Is 264202 a multiple of 158?
False
Is 11969617 a multiple of 381?
False
Does 439 divide 273058?
True
Is 5893662 a multiple of 51?
True
Is 4 a factor of 384300?
True
Does 19 divide 260559?
False
Is 5398246 a multiple of 49?
False
Is 179720 a multiple of 5?
True
Does 10 divide 28880?
True
Is 65 a factor of 4145575?
False
Is 41 a factor of 4976908?
True
Does 111 divide 202590?
False
Is 11 a factor of 21498103?
True
Does 69 divide 104958?
False
Does 130 divide 81900?
True
Is 82 a factor of 727176?
True
Is 200 a factor of 182817?
False
Is 25092 a multiple of 12?
True
Is 90 a factor of 598159?
False
Is 42 a factor of 117012?
True
Does 35 divide 52535?
True
Does 97 divide 7117670?
False
Is 4825732 a multiple of 798?
False
Does 15 divide 110206?
False
Does 10 divide 717795?
False
Is 1451520 a multiple of 126?
True
Is 306900 a multiple of 186?
True
Is 20 a factor of 9048?
False
Is 4 a factor of 203684?
True
Is 7 a factor of 930065?
False
Is 153 a factor of 583887?
False
Is 128700 a multiple of 143?
True
Is 226 a factor of 13447919?
False
Is 635 a factor of 3763791?
False
Does 297 divide 3251064?
False
Is 3246984 a multiple of 195?
False
Does 11 divide 12039038?
True
Is 300638 a multiple of 166?
False
Is 3606478 a multiple of 123?
False
Is 5141475 a multiple of 25?
True
Does 418 divide 19306167?
False
Does 9 divide 1987605?
True
Does 2 divide 11130?
True
Is 8241047 a multiple of 129?
False
Does 3 divide 35841?
True
Is 41398 a multiple of 71?
False
Does 18 divide 244224?
True
Is 16 a factor of 120272?
True
Does 6 divide 1980666?
True
Is 29 a factor of 1367843?
True
Is 21 a factor of 542808?
True
Is 17453866 a multiple of 19?
False
Does 3 divide 2412?
True
Is 25 a factor of 251041?
False
Is 11 a factor of 52147?
False
Is 211995 a multiple of 51?
False
Is 13 a factor of 714292?
False
Is 312 a factor of 1572480?
True
Does 397 divide 28584?
True
Is 363 a factor of 7784898?
True
Is 15763960 a multiple of 20?
True
Does 195 divide 455811?
False
Is 20 a factor of 162020?
True
Does 15 divide 323685?
True
Does 19 divide 144305?
True
Does 665 divide 4353755?
True
Is 1642872 a multiple of 66?
True
Is 230074 a multiple of 28?
False
Does 13 divide 147487?
False
Is 162506 a multiple of 193?
True
Does 15 divide 590295?
True
Is 173 a factor of 127847?
True
Does 17 divide 6288385?
True
Does 478 divide 166822?
True
Is 4 a factor of 669932?
True
Is 1092084 a multiple of 12?
True
Does 16 divide 186992?
True
Is 438 a factor of 49007?
False
Does 21 divide 10794?
True
Is 328458 a multiple of 26?
True
Does 23 divide 102133?
False
Is 612767 a multiple of 12?
False
Does 98 divide 194334?
True
Is 1740269 a multiple of 404?
False
Does 16 divide 43360?
True
Does 45 divide 2100237?
False
Is 28623 a multiple of 73?
False
Is 527321 a multiple of 227?
True
Does 209 divide 173765?
False
Does 50 divide 5213200?
True
Is 1266290 a multiple of 92?
False
Is 599438 a multiple of 8?
False
Is 201 a factor of 111354?
True
Is 15 a factor of 16372995?
True
Is 7001833 a multiple of 143?
False
Is 4 a factor of 1988193?
False
Is 10956 a multiple of 6?
True
Is 216615 a multiple of 15?
True
Does 3 divide 78569?
False
Does 242 divide 1292862?
False
Does 9 divide 711861?
False
Does 546 divide 5202834?
True
Is 787126 a multiple of 206?
True
Is 11 a factor of 196273?
True
Does 10 divide 37884?
False
Is 35784 a multiple of 6?
True
Is 645501 a multiple of 309?
True
Is 338514 a multiple of 23?
True
Is 116467 a multiple of 589?
False
Is 1176706 a multiple of 653?
True
Is 109 a factor of 764605?
False
Is 30 a factor of 311190?
True
Is 142 a factor of 10894098?
True
Does 33 divide 843018?
True
Does 6 divide 3295806?
True
Is 259050 a multiple of 55?
True
Does 8 divide 818936?
True
Is 6 a factor of 2338898?
False
Is 800841 a multiple of 6?
False
Does 18 divide 406130?
False
Is 40 a factor of 59000?
True
Is 465608 a multiple of 572?
True
Is 49 a factor of 56472?
False
Is 172525 a multiple of 335?
True
Is 9916 a multiple of 4?
True
Is 339724 a multiple of 17?
False
Does 19 divide 10868171?
True
Is 25 a factor of 129600?
True
Is 726 a factor of 5922213?
False
Does 4 divide 101179?
False
Is 5 a factor of 2260265?
True
Does 9 divide 113286?
False
Is 4569399 a multiple of 32?
False
Is 46 a factor of 2839442?
True
Is 26 a factor of 2999828?
True
Does 221 divide 630513?
True
Is 307 a factor of 159818?
False
Is 837862 a multiple of 646?
True
Does 67 divide 334062?
True
Does 233 divide 663150?
False
Is 3169787 a multiple of 1032?
False
Does 152 divide 1646464?
True
Is 280 a factor of 330772?
False
Is 543272 a multiple of 236?
True
Is 23798276 a multiple of 158?
True
Is 11520 a multiple of 12?
True
Does 106 divide 192814?
True
Is 15 a factor of 14289060?
True
Is 2149056 a multiple of 39?
True
Does 7 divide 834708?
True
Is 120344 a multiple of 56?
True
Does 12 divide 1573488?
True
Is 449981 a multiple of 8?
False
Is 123308 a multiple of 116?
True
Is 94 a factor of 49632?
True
Is 619 a factor of 6182318?
False
Is 255 a factor of 180540?
True
Is 25 a factor of 98583?
False
Is 4635260 a multiple of 237?
False
Is 2920112 a multiple of 202?
True
Is 30 a factor of 1054?
False
Is 743680 a multiple of 140?
True
Is 51 a factor of 48141?
False
Is 11 a factor of 24266?
True
Does 82 divide 116932?
True
Is 94 a factor of 10810464?
False
Does 261 divide 852426?
True
Is 24337765 a multiple of 28?
False
Does 18 divide 1991686?
False
Does 69 divide 198011?
False
Does 6 divide 412302?
True
Does 7 divide 11004119?
True
Is 17 a factor of 50626?
True
Is 9918 a multiple of 6?
True
Is 13 a factor of 986507?
False
Is 499927 a multiple of 12?
False
Is 2748790 a multiple of 283?
False
Is 21 a factor of 916410?
False
Is 187 a factor of 13569263?
False
Is 212613 a multiple of 131?
True
Does 3 divide 342084?
True
Does 24 divide 2801400?
True
Is 234 a factor of 737568?
True
Does 23 divide 4846?
False
Is 466187 a multiple of 297?
False
Is 132 a factor of 8954880?
True
Is 17 a factor of 13180406?
True
Is 402 a factor of 12225397?
False
Is 2111232 a multiple of 256?
True
Is 10 a factor of 326612?
False
Is 1560349 a multiple of 49?
False
Is 319 a factor of 304298?
False
Is 248790 a multiple of 30?
True
Is 29 a factor of 1112039?
False
Is 14020067 a multiple of 483?
False
Is 2412810 a multiple of 114?
True
Does 239 divide 170688?
False
Does 153 divide 8286939?
True
Does 49 divide 380554?
False
Is 4070760 a multiple of 285?
False
Is 2746000 a multiple of 250?
True
Does 104 divide 63852?
False
Does 203 divide 1655708?
False
Is 17 a factor of 26661?
False
Is 23 a factor of 100257?
True
Is 2157322 a multiple of 40?
False
Is 207 a factor of 4111102?
False
Is 320 a factor of 284392?
False
Is 63441 a multiple of 7?
True
Is 71342 a multiple of 10?
False
Is 213600 a multiple of 60?
True
Is 355915 a multiple of 23?
False
Does 2 divide 370542?
True
Is 338201 a multiple of 127?
True
Does 216 divide 622512?
True
Does 8 divide 758000?
True
Is 8 a factor of 150528?
True
Is 1731587 a multiple of 13?
True
Does 178 divide 131898?
True
Does 129 divide 846369?
True
Does 1293 divide 3626865?
True
Is 322681 a multiple of 27?
False
Is 28 a factor of 5476229?
False
Does 224 divide 123424?
True
Is 1362970 a multiple of 35?
True
Is 9 a factor of 971804?
False
Is 150 a factor of 20886?
False
Is 794772 a multiple of 446?
True
Does 72 divide 5605349?
False
Is 13 a factor of 892866?
True
Is 3930213 a multiple of 577?
False
Does 694 divide 81198?
True
Does 283 divide 2357188?
False
Is 34 a factor of 66356?
False
Is 93456 a multiple of 6?
True
Does 12 divide 25416136?
False
Does 28 divide 134232?
True
Does 309 divide 67980?
True
Is 313012 a multiple of 3?
False
Is 98046 a mu